ded by 817196.
139
What is the remainder when 90964 is divided by 44188?
2588
What is the remainder when 159037 is divided by 52972?
121
What is the remainder when 49387778 is divided by 1161?
1160
Calculate the remainder when 9575 is divided by 2083.
1243
Calculate the remainder when 2487559 is divided by 638.
635
Calculate the remainder when 42511291 is divided by 27.
7
What is the remainder when 44337 is divided by 1592?
1353
What is the remainder when 14963732 is divided by 282334?
30
Calculate the remainder when 400092 is divided by 3884.
40
What is the remainder when 162459 is divided by 79559?
3341
What is the remainder when 9643868 is divided by 162?
8
What is the remainder when 14971 is divided by 7296?
379
What is the remainder when 24710443 is divided by 309?
22
Calculate the remainder when 2419659669 is divided by 1464.
1461
What is the remainder when 75643 is divided by 5960?
4123
Calculate the remainder when 206508 is divided by 4685.
368
What is the remainder when 3223768 is divided by 230269?
2
Calculate the remainder when 11127838 is divided by 5563915.
8
What is the remainder when 57979 is divided by 4412?
623
Calculate the remainder when 111461 is divided by 22260.
161
Calculate the remainder when 112651 is divided by 34.
9
Calculate the remainder when 11067115 is divided by 23.
21
Calculate the remainder when 805948 is divided by 119.
80
What is the remainder when 184068869 is divided by 9687835?
4
What is the remainder when 4427585 is divided by 61494?
17
What is the remainder when 3374880 is divided by 1124947?
39
Calculate the remainder when 5417095 is divided by 225.
220
What is the remainder when 148242 is divided by 657?
417
What is the remainder when 10012 is divided by 2984?
1060
What is the remainder when 40092 is divided by 4432?
204
Calculate the remainder when 215226 is divided by 10244.
102
What is the remainder when 8877320 is divided by 12?
8
What is the remainder when 47423314 is divided by 2171?
2161
Calculate the remainder when 648848162 is divided by 3723.
3722
What is the remainder when 117166658 is divided by 262?
258
What is the remainder when 56455257 is divided by 119?
110
What is the remainder when 27520 is divided by 1414?
654
Calculate the remainder when 120015 is divided by 2857.
21
Calculate the remainder when 131298570 is divided by 77.
18
Calculate the remainder when 85715 is divided by 72.
35
What is the remainder when 6651555 is divided by 73906?
15
Calculate the remainder when 828903 is divided by 1426.
397
What is the remainder when 8337183 is divided by 79?
76
Calculate the remainder when 24742704 is divided by 7.
0
Calculate the remainder when 118537 is divided by 38697.
2446
What is the remainder when 15828153 is divided by 61?
56
What is the remainder when 103614308 is divided by 4934014?
14
Calculate the remainder when 158970 is divided by 15838.
590
Calculate the remainder when 3700082 is divided by 4066.
22
What is the remainder when 241420 is divided by 24137?
50
What is the remainder when 139455 is divided by 3032?
3015
What is the remainder when 11732753 is divided by 194?
21
Calculate the remainder when 27407589 is divided by 583140.
9
Calculate the remainder when 158708869 is divided by 3877.
3874
What is the remainder when 43099870 is divided by 96?
94
Calculate the remainder when 1287988 is divided by 2094.
178
Calculate the remainder when 106569581 is divided by 21.
20
Calculate the remainder when 52329 is divided by 887.
883
What is the remainder when 211181 is divided by 3705?
3701
Calculate the remainder when 1786294 is divided by 3080.
2974
What is the remainder when 12943437 is divided by 15?
12
What is the remainder when 91277 is divided by 2357?
1711
Calculate the remainder when 2396325 is divided by 1709.
307
What is the remainder when 30379373 is divided by 31?
24
Calculate the remainder when 117512 is divided by 42.
38
Calculate the remainder when 30830 is divided by 6138.
140
What is the remainder when 130033 is divided by 41278?
6199
What is the remainder when 315477 is divided by 6856?
101
Calculate the remainder when 1435660 is divided by 143542.
240
Calculate the remainder when 1573738 is divided by 57.
25
Calculate the remainder when 15056310 is divided by 149.
9
Calculate the remainder when 3752311 is divided by 312.
199
Calculate the remainder when 405839 is divided by 156.
83
What is the remainder when 313587302 is divided by 8710758?
14
Calculate the remainder when 194856 is divided by 7309.
4822
Calculate the remainder when 24460076 is divided by 940772.
4
Calculate the remainder when 1439687 is divided by 871.
795
What is the remainder when 23005894 is divided by 248?
174
Calculate the remainder when 731284 is divided by 36563.
24
Calculate the remainder when 3831521 is divided by 3663.
23
What is the remainder when 242075 is divided by 5126?
1153
What is the remainder when 4816914 is divided by 822?
816
Calculate the remainder when 10890005 is divided by 3776.
21
Calculate the remainder when 62020754 is divided by 409.
403
Calculate the remainder when 1908468 is divided by 603.
576
Calculate the remainder when 252447436 is divided by 103.
101
Calculate the remainder when 308470 is divided by 154079.
312
Calculate the remainder when 25581 is divided by 1656.
741
What is the remainder when 282227 is divided by 11159?
3252
Calculate the remainder when 1894710 is divided by 1140.
30
What is the remainder when 1366307 is divided by 46?
15
What is the remainder when 167531698 is divided by 10?
8
What is the remainder when 66255428 is divided by 109?
105
What is the remainder when 21166334 is divided by 3527721?
8
Calculate the remainder when 240486 is divided by 1474.
224
Calculate the remainder when 864696435 is divided by 54.
51
Calculate the remainder when 2061517 is divided by 343514.
433
What is the remainder when 36561 is divided by 1013?
93
Calculate the remainder when 7445435 is divided by 62.
41
Calculate the remainder when 151507 is divided by 4030.
2397
Calculate the remainder when 6492586 is divided by 1082093.
28
What is the remainder when 2301336 is divided by 6975?
6561
Calculate the remainder when 23613163 is divided by 93.
91
Calculate the remainder when 293737 is divided by 73314.
481
Calculate the remainder when 5357321 is divided by 37.
17
What is the remainder when 1473823159 is divided by 760?
759
Calculate the remainder when 422191033 is divided by 47.
44
What is the remainder when 1603175 is divided by 2672?
2647
Calculate the remainder when 35234475 is divided by 124.
123
What is the remainder when 1006564 is divided by 96?
4
Calculate the remainder when 915272 is divided by 137.
112
What is the remainder when 135880467 is divided by 330?
327
Calculate the remainder when 5093258 is divided by 21766.
14
What is the remainder when 5850021 is divided by 2924974?
73
Calculate the remainder when 1582396 is divided by 264.
244
Calculate the remainder when 2007619 is divided by 57356.
159
What is the remainder when 18815 is divided by 119?
13
Calculate the remainder when 61658489 is divided by 547.
102
Calculate the remainder when 29806128 is divided by 9935372.
12
What is the remainder when 385823 is divided by 454?
377
What is the remainder when 11707346 is divided by 2508?
2
What is the remainder when 15759 is divided by 1243?
843
What is the remainder when 807751 is divided by 14410?
791
Calculate the remainder when 6792657 is divided by 7982.
7957
What is the remainder when 14470 is divided by 13652?
818
Calculate the remainder when 55768 is divided by 27725.
318
Calculate the remainder when 10006827 is divided by 519.
507
What is the remainder when 243895 is divided by 120191?
3513
Calculate the remainder when 2037496 is divided by 166.
12
Calculate the remainder when 16035123 is divided by 5345011.
90
What is the remainder when 464719 is divided by 154622?
853
Calculate the remainder when 67029 is divided by 2876.
881
What is the remainder when 36649 is divided by 230?
79
What is the remainder when 525751 is divided by 258787?
8177
Calculate the remainder when 25058005 is divided by 68.
5
Calculate the remainder when 76735 is divided by 8492.
307
What is the remainder when 42616 is divided by 2283?
1522
What is the remainder whe